{"id":235,"date":"2021-10-10T12:22:55","date_gmt":"2021-10-10T12:22:55","guid":{"rendered":"https:\/\/lapetiteassociation.com\/?page_id=235"},"modified":"2023-06-20T10:07:03","modified_gmt":"2023-06-20T10:07:03","slug":"marlon","status":"publish","type":"page","link":"https:\/\/lapetiteassociation.com\/?page_id=235","title":{"rendered":"Marlon"},"content":{"rendered":"\n<p>Entre performance et \u00ab one-woman-show \u00bb, Marlon est un surprenant mo- nologue pour plateau de danse&#8230;<br>\u00c0 partir de la figure pr\u00e9texte de Marlon Brando (en tant qu\u2019objet \u00ab ultime \u00bb de d\u00e9sir), Aude Lachaise explore avec une irr\u00e9sistible distance ironique les questions du sexe, des sexualit\u00e9s, de la femme, du patriarcat, du d\u00e9sir, de la s\u00e9duction&#8230; et a fortiori aussi du rapport performeurs-publics&#8230;<\/p>\n\n\n\n<p><a href=\"https:\/\/www.theatre-contemporain.net\/textes\/Marlon-Aude-Lachaise\/\">Le texte<\/a> est publi\u00e9 <a href=\"http:\/\/www.lansman.be\/editions\/publication_detail.php?rec_numero=876&amp;prix=10.00&amp;session=\">aux \u00e9ditions Lansman<\/a> et disponible <a href=\"https:\/\/www.amazon.fr\/Marlon-Aude-Lachaise\/dp\/2872828753\">ici<\/a>.<\/p>\n\n\n\n<figure class=\"wp-block-gallery has-nested-images columns-default is-cropped wp-block-gallery-1 is-layout-flex wp-block-gallery-is-layout-flex\">\n<figure class=\"wp-block-image size-large\"><img loading=\"lazy\" decoding=\"async\" width=\"684\" height=\"1024\" data-id=\"236\" src=\"https:\/\/lapetiteassociation.com\/wp-content\/uploads\/2021\/10\/Marlon2_Je\u0301ro\u0302me-Delatour_HD-684x1024.jpg\" alt=\"\" class=\"wp-image-236\" srcset=\"https:\/\/lapetiteassociation.com\/wp-content\/uploads\/2021\/10\/Marlon2_Je\u0301ro\u0302me-Delatour_HD-684x1024.jpg 684w, https:\/\/lapetiteassociation.com\/wp-content\/uploads\/2021\/10\/Marlon2_Je\u0301ro\u0302me-Delatour_HD-200x300.jpg 200w, https:\/\/lapetiteassociation.com\/wp-content\/uploads\/2021\/10\/Marlon2_Je\u0301ro\u0302me-Delatour_HD-768x1150.jpg 768w, https:\/\/lapetiteassociation.com\/wp-content\/uploads\/2021\/10\/Marlon2_Je\u0301ro\u0302me-Delatour_HD-1026x1536.jpg 1026w, https:\/\/lapetiteassociation.com\/wp-content\/uploads\/2021\/10\/Marlon2_Je\u0301ro\u0302me-Delatour_HD-1368x2048.jpg 1368w, https:\/\/lapetiteassociation.com\/wp-content\/uploads\/2021\/10\/Marlon2_Je\u0301ro\u0302me-Delatour_HD-scaled.jpg 1710w\" sizes=\"auto, (max-width: 684px) 100vw, 684px\" \/><\/figure>\n<figcaption class=\"blocks-gallery-caption wp-element-caption\">\u00a9J\u00e9rome Delatour<\/figcaption><\/figure>\n\n\n\n<p>\u00ab Pour ce premier projet, j\u2019ai privil\u00e9gi\u00e9 une forme performative proche du \u00abone-woman-show\u00bb, plut\u00f4t qu\u2019une forme chor\u00e9graphique et dans\u00e9e. En effet, bien que danseuse de formation et de profession, je suis dans une dynamique de conqu\u00eate de nouveaux territoires, notamment celui de l\u2019\u00e9criture textuelle et dramaturgique.<\/p>\n\n\n\n<p>Les th\u00e8mes sur lesquels j\u2019ai \u00e9crit sont tous reli\u00e9s \u00e0 la condition de femme du personnage, personnage qui me ressemble. Ils couvrent le d\u00e9sir, la sexualit\u00e9, le travail, l\u2019intimit\u00e9 mais sont toujours vus du point de vue de la protagoniste. Ils reposent sur une exp\u00e9rience individuelle et clairement subjective, ce qui fait l\u2019originalit\u00e9 du texte.<\/p>\n\n\n\n<p>Le sujet de cette proposition est le d\u00e9sir. Le d\u00e9sir sexuel, mais aussi le d\u00e9sir en g\u00e9n\u00e9ral, le d\u00e9sir de vivre. Un d\u00e9sir tout puissant qui ali\u00e8ne, qui frustre. Il est incarn\u00e9 par Marlon Brando.<\/p>\n\n\n\n<p>L\u2019arri\u00e8re-plan, le contexte de ce solo finalement, est la dichotomie, la contradiction que je ressens entre le f\u00e9minisme et l&rsquo;h\u00e9t\u00e9rosxualit\u00e9 qui me placent face \u00e0 une double contrainte, un choix impossible.<\/p>\n\n\n\n<p>C\u2019est ce d\u00e9chirement qui situe mon texte.<br>Je ressens la n\u00e9cessit\u00e9 de me r\u00e9approprier ces discours contradictoires, qui ont jalonn\u00e9 et jalonnent encore mon existence. De mani\u00e8re peut-\u00eatre na\u00efve, r\u00e9active, parfois absurde.<\/p>\n\n\n\n<p>Et alors ? C\u2019est aussi cette libert\u00e9 que je veux reprendre. \u00bb Aude Lachaise 2010<\/p>\n\n\n\n<figure class=\"wp-block-gallery has-nested-images columns-default is-cropped wp-block-gallery-2 is-layout-flex wp-block-gallery-is-layout-flex\">\n<figure class=\"wp-block-image size-large\"><img loading=\"lazy\" decoding=\"async\" width=\"1024\" height=\"614\" data-id=\"241\" src=\"https:\/\/lapetiteassociation.com\/wp-content\/uploads\/2017\/10\/cropped-marlon_05\u00a9couzinetjacques-1024x614.jpg\" alt=\"\" class=\"wp-image-241\" srcset=\"https:\/\/lapetiteassociation.com\/wp-content\/uploads\/2017\/10\/cropped-marlon_05\u00a9couzinetjacques-1024x614.jpg 1024w, https:\/\/lapetiteassociation.com\/wp-content\/uploads\/2017\/10\/cropped-marlon_05\u00a9couzinetjacques-300x180.jpg 300w, https:\/\/lapetiteassociation.com\/wp-content\/uploads\/2017\/10\/cropped-marlon_05\u00a9couzinetjacques-768x461.jpg 768w, https:\/\/lapetiteassociation.com\/wp-content\/uploads\/2017\/10\/cropped-marlon_05\u00a9couzinetjacques-1536x922.jpg 1536w, https:\/\/lapetiteassociation.com\/wp-content\/uploads\/2017\/10\/cropped-marlon_05\u00a9couzinetjacques.jpg 2000w\" sizes=\"auto, (max-width: 767px) 89vw, (max-width: 1000px) 54vw, (max-width: 1071px) 543px, 580px\" \/><\/figure>\n\n\n\n<figure class=\"wp-block-image size-large\"><img loading=\"lazy\" decoding=\"async\" width=\"427\" height=\"640\" data-id=\"63\" src=\"https:\/\/lapetiteassociation.com\/wp-content\/uploads\/2017\/10\/marlon_04\u00a9couzinetjacques.jpg\" alt=\"\" class=\"wp-image-63\" srcset=\"https:\/\/lapetiteassociation.com\/wp-content\/uploads\/2017\/10\/marlon_04\u00a9couzinetjacques.jpg 427w, https:\/\/lapetiteassociation.com\/wp-content\/uploads\/2017\/10\/marlon_04\u00a9couzinetjacques-200x300.jpg 200w\" sizes=\"auto, (max-width: 427px) 100vw, 427px\" \/><\/figure>\n\n\n\n<figure class=\"wp-block-image size-large\"><img loading=\"lazy\" decoding=\"async\" width=\"427\" height=\"640\" data-id=\"344\" src=\"https:\/\/lapetiteassociation.com\/wp-content\/uploads\/2021\/11\/marlon_03\u00a9couzinetjacques.jpg\" alt=\"\" class=\"wp-image-344\" srcset=\"https:\/\/lapetiteassociation.com\/wp-content\/uploads\/2021\/11\/marlon_03\u00a9couzinetjacques.jpg 427w, https:\/\/lapetiteassociation.com\/wp-content\/uploads\/2021\/11\/marlon_03\u00a9couzinetjacques-200x300.jpg 200w\" sizes=\"auto, (max-width: 427px) 100vw, 427px\" \/><\/figure>\n<figcaption class=\"blocks-gallery-caption wp-element-caption\">\u00a9Sylvain Cousinet-Jacques<\/figcaption><\/figure>\n\n\n\n<pre class=\"wp-block-preformatted\"><meta charset=\"utf-8\"><\/meta>Conception, interpre\u0301tation et texte Aude Lachaise \nMusique Roeland Luyten\nCre\u0301ation lumie\u0300re Alice Dussart\nPartenaires\nCentre Chore\u0301graphique National de Montpellier Languedoc - Roussillon, Point Ephe\u0301me\u0300re, Paris.\nL'L, Bruxelles.\nRemerciements Jan Ritsema<\/pre>\n\n\n\n<figure class=\"wp-block-embed is-type-video is-provider-vimeo wp-block-embed-vimeo wp-embed-aspect-16-9 wp-has-aspect-ratio\"><div class=\"wp-block-embed__wrapper\">\n<iframe loading=\"lazy\" src=\"https:\/\/player.vimeo.com\/video\/93348861?dnt=1&amp;app_id=122963\" width=\"525\" height=\"295\" frameborder=\"0\" allow=\"autoplay; fullscreen; picture-in-picture; clipboard-write\"><\/iframe>\n<\/div><figcaption class=\"wp-element-caption\">Guy Degeorges, Images de danse<\/figcaption><\/figure>\n","protected":false},"excerpt":{"rendered":"<p>Entre performance et \u00ab one-woman-show \u00bb, Marlon est un surprenant mo- nologue pour plateau de danse&#8230;\u00c0 partir de la figure pr\u00e9texte de Marlon Brando (en tant qu\u2019objet \u00ab ultime \u00bb de d\u00e9sir), Aude Lachaise explore avec une irr\u00e9sistible distance ironique les questions du sexe, des sexualit\u00e9s, de la femme, du patriarcat, du d\u00e9sir, de la &hellip; <\/p>\n<p class=\"link-more\"><a href=\"https:\/\/lapetiteassociation.com\/?page_id=235\" class=\"more-link\">Continuer la lecture<span class=\"screen-reader-text\"> de &laquo;&nbsp;Marlon&nbsp;&raquo;<\/span><\/a><\/p>\n","protected":false},"author":1,"featured_media":342,"parent":0,"menu_order":0,"comment_status":"closed","ping_status":"closed","template":"","meta":{"footnotes":""},"class_list":["post-235","page","type-page","status-publish","has-post-thumbnail","hentry"],"_links":{"self":[{"href":"https:\/\/lapetiteassociation.com\/index.php?rest_route=\/wp\/v2\/pages\/235","targetHints":{"allow":["GET"]}}],"collection":[{"href":"https:\/\/lapetiteassociation.com\/index.php?rest_route=\/wp\/v2\/pages"}],"about":[{"href":"https:\/\/lapetiteassociation.com\/index.php?rest_route=\/wp\/v2\/types\/page"}],"author":[{"embeddable":true,"href":"https:\/\/lapetiteassociation.com\/index.php?rest_route=\/wp\/v2\/users\/1"}],"replies":[{"embeddable":true,"href":"https:\/\/lapetiteassociation.com\/index.php?rest_route=%2Fwp%2Fv2%2Fcomments&post=235"}],"version-history":[{"count":15,"href":"https:\/\/lapetiteassociation.com\/index.php?rest_route=\/wp\/v2\/pages\/235\/revisions"}],"predecessor-version":[{"id":522,"href":"https:\/\/lapetiteassociation.com\/index.php?rest_route=\/wp\/v2\/pages\/235\/revisions\/522"}],"wp:featuredmedia":[{"embeddable":true,"href":"https:\/\/lapetiteassociation.com\/index.php?rest_route=\/wp\/v2\/media\/342"}],"wp:attachment":[{"href":"https:\/\/lapetiteassociation.com\/index.php?rest_route=%2Fwp%2Fv2%2Fmedia&parent=235"}],"curies":[{"name":"wp","href":"https:\/\/api.w.org\/{rel}","templated":true}]}}