{"id":259,"date":"2021-10-10T13:48:29","date_gmt":"2021-10-10T13:48:29","guid":{"rendered":"https:\/\/lapetiteassociation.com\/?page_id=259"},"modified":"2021-10-10T13:54:22","modified_gmt":"2021-10-10T13:54:22","slug":"jaime","status":"publish","type":"page","link":"https:\/\/lapetiteassociation.com\/?page_id=259","title":{"rendered":"J&rsquo;aime"},"content":{"rendered":"\n<p>La compagnie est particuli\u00e8rement sensible \u00e0 la construction du lien social.<\/p>\n\n\n\n<p>Aude Lachaise s\u2019int\u00e9resse \u00e0 la question de la culture.<\/p>\n\n\n\n<p>De quoi la culture d\u2019une personne est-elle constitu\u00e9e&nbsp;?<\/p>\n\n\n\n<p>C\u2019est un des axes autour desquels les ateliers sont construits.<\/p>\n\n\n\n<figure class=\"wp-block-gallery columns-3 is-cropped wp-block-gallery-1 is-layout-flex wp-block-gallery-is-layout-flex\"><ul class=\"blocks-gallery-grid\"><li class=\"blocks-gallery-item\"><figure><img loading=\"lazy\" decoding=\"async\" width=\"1024\" height=\"683\" src=\"https:\/\/lapetiteassociation.com\/wp-content\/uploads\/2021\/10\/Jaime-Cirque-0018-HD-1024x683.jpg\" alt=\"\" data-id=\"264\" data-full-url=\"https:\/\/lapetiteassociation.com\/wp-content\/uploads\/2021\/10\/Jaime-Cirque-0018-HD-scaled.jpg\" data-link=\"https:\/\/lapetiteassociation.com\/?attachment_id=264\" class=\"wp-image-264\" srcset=\"https:\/\/lapetiteassociation.com\/wp-content\/uploads\/2021\/10\/Jaime-Cirque-0018-HD-1024x683.jpg 1024w, https:\/\/lapetiteassociation.com\/wp-content\/uploads\/2021\/10\/Jaime-Cirque-0018-HD-300x200.jpg 300w, https:\/\/lapetiteassociation.com\/wp-content\/uploads\/2021\/10\/Jaime-Cirque-0018-HD-768x512.jpg 768w, https:\/\/lapetiteassociation.com\/wp-content\/uploads\/2021\/10\/Jaime-Cirque-0018-HD-1536x1024.jpg 1536w, https:\/\/lapetiteassociation.com\/wp-content\/uploads\/2021\/10\/Jaime-Cirque-0018-HD-2048x1365.jpg 2048w\" sizes=\"auto, (max-width: 767px) 89vw, (max-width: 1000px) 54vw, (max-width: 1071px) 543px, 580px\" \/><\/figure><\/li><li class=\"blocks-gallery-item\"><figure><img loading=\"lazy\" decoding=\"async\" width=\"683\" height=\"1024\" src=\"https:\/\/lapetiteassociation.com\/wp-content\/uploads\/2021\/10\/Jaime-Cirque-0007-HD-683x1024.jpg\" alt=\"\" data-id=\"260\" data-full-url=\"https:\/\/lapetiteassociation.com\/wp-content\/uploads\/2021\/10\/Jaime-Cirque-0007-HD-scaled.jpg\" data-link=\"https:\/\/lapetiteassociation.com\/?attachment_id=260\" class=\"wp-image-260\" srcset=\"https:\/\/lapetiteassociation.com\/wp-content\/uploads\/2021\/10\/Jaime-Cirque-0007-HD-683x1024.jpg 683w, https:\/\/lapetiteassociation.com\/wp-content\/uploads\/2021\/10\/Jaime-Cirque-0007-HD-200x300.jpg 200w, https:\/\/lapetiteassociation.com\/wp-content\/uploads\/2021\/10\/Jaime-Cirque-0007-HD-768x1152.jpg 768w, https:\/\/lapetiteassociation.com\/wp-content\/uploads\/2021\/10\/Jaime-Cirque-0007-HD-1024x1536.jpg 1024w, https:\/\/lapetiteassociation.com\/wp-content\/uploads\/2021\/10\/Jaime-Cirque-0007-HD-1365x2048.jpg 1365w, https:\/\/lapetiteassociation.com\/wp-content\/uploads\/2021\/10\/Jaime-Cirque-0007-HD-scaled.jpg 1707w\" sizes=\"auto, (max-width: 683px) 100vw, 683px\" \/><\/figure><\/li><li class=\"blocks-gallery-item\"><figure><img loading=\"lazy\" decoding=\"async\" width=\"683\" height=\"1024\" src=\"https:\/\/lapetiteassociation.com\/wp-content\/uploads\/2021\/10\/Jaime-Cirque-0016-HD-683x1024.jpg\" alt=\"\" data-id=\"263\" data-full-url=\"https:\/\/lapetiteassociation.com\/wp-content\/uploads\/2021\/10\/Jaime-Cirque-0016-HD-scaled.jpg\" data-link=\"https:\/\/lapetiteassociation.com\/?attachment_id=263\" class=\"wp-image-263\" srcset=\"https:\/\/lapetiteassociation.com\/wp-content\/uploads\/2021\/10\/Jaime-Cirque-0016-HD-683x1024.jpg 683w, https:\/\/lapetiteassociation.com\/wp-content\/uploads\/2021\/10\/Jaime-Cirque-0016-HD-200x300.jpg 200w, https:\/\/lapetiteassociation.com\/wp-content\/uploads\/2021\/10\/Jaime-Cirque-0016-HD-768x1152.jpg 768w, https:\/\/lapetiteassociation.com\/wp-content\/uploads\/2021\/10\/Jaime-Cirque-0016-HD-1024x1536.jpg 1024w, https:\/\/lapetiteassociation.com\/wp-content\/uploads\/2021\/10\/Jaime-Cirque-0016-HD-1365x2048.jpg 1365w, https:\/\/lapetiteassociation.com\/wp-content\/uploads\/2021\/10\/Jaime-Cirque-0016-HD-scaled.jpg 1707w\" sizes=\"auto, (max-width: 683px) 100vw, 683px\" \/><\/figure><\/li><li class=\"blocks-gallery-item\"><figure><img loading=\"lazy\" decoding=\"async\" width=\"1024\" height=\"683\" src=\"https:\/\/lapetiteassociation.com\/wp-content\/uploads\/2021\/10\/Jaime-Cirque-0009-HD-1024x683.jpg\" alt=\"\" data-id=\"261\" data-full-url=\"https:\/\/lapetiteassociation.com\/wp-content\/uploads\/2021\/10\/Jaime-Cirque-0009-HD-scaled.jpg\" data-link=\"https:\/\/lapetiteassociation.com\/?attachment_id=261\" class=\"wp-image-261\" srcset=\"https:\/\/lapetiteassociation.com\/wp-content\/uploads\/2021\/10\/Jaime-Cirque-0009-HD-1024x683.jpg 1024w, https:\/\/lapetiteassociation.com\/wp-content\/uploads\/2021\/10\/Jaime-Cirque-0009-HD-300x200.jpg 300w, https:\/\/lapetiteassociation.com\/wp-content\/uploads\/2021\/10\/Jaime-Cirque-0009-HD-768x512.jpg 768w, https:\/\/lapetiteassociation.com\/wp-content\/uploads\/2021\/10\/Jaime-Cirque-0009-HD-1536x1024.jpg 1536w, https:\/\/lapetiteassociation.com\/wp-content\/uploads\/2021\/10\/Jaime-Cirque-0009-HD-2048x1365.jpg 2048w\" sizes=\"auto, (max-width: 767px) 89vw, (max-width: 1000px) 54vw, (max-width: 1071px) 543px, 580px\" \/><\/figure><\/li><\/ul><figcaption class=\"blocks-gallery-caption\">\u00a9 Blokk* Agency<\/figcaption><\/figure>\n\n\n\n<p><\/p>\n\n\n\n<p>Faire parler les gens de leur univers est une mani\u00e8re de valoriser leur patrimoine&nbsp;: sport, danse, musique, recette de cuisine&#8230; Le champ est vaste.<\/p>\n\n\n\n<p>Cela met en \u00e9vidence le fait que des choses simples et acquises, intrins\u00e8quement li\u00e9es \u00e0 leur mani\u00e8re de vivre font partie, de fait, d\u2019un patrimoine culturel int\u00e9ressant.<\/p>\n\n\n\n<p>L\u2019accent est port\u00e9 sur la valorisation de cette culturelle individuelle et de son partage.<\/p>\n\n\n\n<p>Quelque chose est mis en jeu du le collectif et l\u2019individuel.<\/p>\n\n\n\n<p>C\u2019est la contribution de chacun au groupe qui est valoris\u00e9e.<\/p>\n\n\n\n<figure class=\"wp-block-embed is-type-video is-provider-vimeo wp-block-embed-vimeo wp-embed-aspect-16-9 wp-has-aspect-ratio\"><div class=\"wp-block-embed__wrapper\">\n<iframe loading=\"lazy\" title=\"&quot;J&#039;aime&quot; de Aude Lachaise au Man\u00e8ge de Reims\" src=\"https:\/\/player.vimeo.com\/video\/293146030?dnt=1&amp;app_id=122963\" width=\"525\" height=\"295\" frameborder=\"0\" allow=\"autoplay; fullscreen; picture-in-picture; clipboard-write\"><\/iframe>\n<\/div><\/figure>\n\n\n\n<pre class=\"wp-block-preformatted\">Concept et Chor\u00e9graphie: Aude Lachaise\nEn collaboration de Gilles Nicolas\nau Man\u00e8ge, sc\u00e8ne nationale de Reims<\/pre>\n\n\n\n<p><\/p>\n","protected":false},"excerpt":{"rendered":"<p>La compagnie est particuli\u00e8rement sensible \u00e0 la construction du lien social. Aude Lachaise s\u2019int\u00e9resse \u00e0 la question de la culture. De quoi la culture d\u2019une personne est-elle constitu\u00e9e&nbsp;? C\u2019est un des axes autour desquels les ateliers sont construits. Faire parler les gens de leur univers est une mani\u00e8re de valoriser leur patrimoine&nbsp;: sport, danse, musique, &hellip; <\/p>\n<p class=\"link-more\"><a href=\"https:\/\/lapetiteassociation.com\/?page_id=259\" class=\"more-link\">Continuer la lecture<span class=\"screen-reader-text\"> de &laquo;&nbsp;J&rsquo;aime&nbsp;&raquo;<\/span><\/a><\/p>\n","protected":false},"author":1,"featured_media":262,"parent":0,"menu_order":0,"comment_status":"closed","ping_status":"closed","template":"","meta":{"footnotes":""},"class_list":["post-259","page","type-page","status-publish","has-post-thumbnail","hentry"],"_links":{"self":[{"href":"https:\/\/lapetiteassociation.com\/index.php?rest_route=\/wp\/v2\/pages\/259","targetHints":{"allow":["GET"]}}],"collection":[{"href":"https:\/\/lapetiteassociation.com\/index.php?rest_route=\/wp\/v2\/pages"}],"about":[{"href":"https:\/\/lapetiteassociation.com\/index.php?rest_route=\/wp\/v2\/types\/page"}],"author":[{"embeddable":true,"href":"https:\/\/lapetiteassociation.com\/index.php?rest_route=\/wp\/v2\/users\/1"}],"replies":[{"embeddable":true,"href":"https:\/\/lapetiteassociation.com\/index.php?rest_route=%2Fwp%2Fv2%2Fcomments&post=259"}],"version-history":[{"count":2,"href":"https:\/\/lapetiteassociation.com\/index.php?rest_route=\/wp\/v2\/pages\/259\/revisions"}],"predecessor-version":[{"id":268,"href":"https:\/\/lapetiteassociation.com\/index.php?rest_route=\/wp\/v2\/pages\/259\/revisions\/268"}],"wp:featuredmedia":[{"embeddable":true,"href":"https:\/\/lapetiteassociation.com\/index.php?rest_route=\/wp\/v2\/media\/262"}],"wp:attachment":[{"href":"https:\/\/lapetiteassociation.com\/index.php?rest_route=%2Fwp%2Fv2%2Fmedia&parent=259"}],"curies":[{"name":"wp","href":"https:\/\/api.w.org\/{rel}","templated":true}]}}