{"id":298,"date":"2021-10-25T13:20:43","date_gmt":"2021-10-25T13:20:43","guid":{"rendered":"https:\/\/lapetiteassociation.com\/?page_id=298"},"modified":"2021-10-25T14:15:54","modified_gmt":"2021-10-25T14:15:54","slug":"far-ouest-stories-2014","status":"publish","type":"page","link":"https:\/\/lapetiteassociation.com\/?page_id=298","title":{"rendered":"Far Ouest Stories"},"content":{"rendered":"\n<p>En 2014, Aude Lachaise cr\u00e9e au Festival A domicile &#8211; Guiss\u00e9ny sa premi\u00e8re pi\u00e8ce avec les amteurs.<\/p>\n\n\n\n<p>Forte de la multiplicit\u00e9 de ses exp\u00e9riences dans le spectacle: one woman show, Girlsband, Dragking, danseuse, com\u00e9dienne, elle invente un processus de travail qui synth\u00e9tise ces diff\u00e9rentes pratiques avec son gout de la culture populaire.<\/p>\n\n\n\n<p>En r\u00e9f\u00e9rence \u00e0 la c\u00e9l\u00e8bre com\u00e9die musicale, elle cr\u00e9e Far Ouest Stories.<\/p>\n\n\n\n<p><\/p>\n\n\n\n<figure class=\"wp-block-gallery columns-1 is-cropped wp-block-gallery-1 is-layout-flex wp-block-gallery-is-layout-flex\"><ul class=\"blocks-gallery-grid\"><li class=\"blocks-gallery-item\"><figure><img loading=\"lazy\" decoding=\"async\" width=\"1024\" height=\"520\" src=\"https:\/\/lapetiteassociation.com\/wp-content\/uploads\/2021\/10\/Applaudissements-Far-ouest.jpg\" alt=\"\" data-id=\"300\" data-full-url=\"https:\/\/lapetiteassociation.com\/wp-content\/uploads\/2021\/10\/Applaudissements-Far-ouest.jpg\" data-link=\"https:\/\/lapetiteassociation.com\/?attachment_id=300\" class=\"wp-image-300\" srcset=\"https:\/\/lapetiteassociation.com\/wp-content\/uploads\/2021\/10\/Applaudissements-Far-ouest.jpg 1024w, https:\/\/lapetiteassociation.com\/wp-content\/uploads\/2021\/10\/Applaudissements-Far-ouest-300x152.jpg 300w, https:\/\/lapetiteassociation.com\/wp-content\/uploads\/2021\/10\/Applaudissements-Far-ouest-768x390.jpg 768w\" sizes=\"auto, (max-width: 767px) 89vw, (max-width: 1000px) 54vw, (max-width: 1071px) 543px, 580px\" \/><\/figure><\/li><\/ul><\/figure>\n\n\n\n<figure class=\"wp-block-image size-full\"><img loading=\"lazy\" decoding=\"async\" width=\"1024\" height=\"683\" src=\"https:\/\/lapetiteassociation.com\/wp-content\/uploads\/2021\/10\/entre\u0301e-Far-ouest.jpg\" alt=\"\" class=\"wp-image-299\" srcset=\"https:\/\/lapetiteassociation.com\/wp-content\/uploads\/2021\/10\/entre\u0301e-Far-ouest.jpg 1024w, https:\/\/lapetiteassociation.com\/wp-content\/uploads\/2021\/10\/entre\u0301e-Far-ouest-300x200.jpg 300w, https:\/\/lapetiteassociation.com\/wp-content\/uploads\/2021\/10\/entre\u0301e-Far-ouest-768x512.jpg 768w\" sizes=\"auto, (max-width: 767px) 89vw, (max-width: 1000px) 54vw, (max-width: 1071px) 543px, 580px\" \/><figcaption>\u00a9Gilles Vanier<\/figcaption><\/figure>\n\n\n\n<pre class=\"wp-block-preformatted\">Concept, chor\u00e9graphie, mise en sc\u00e8ne: Aude Lachaise\nCollaborateur artistique: Gilles Nicolas\n\nAvec Alwena Abherv\u00e9, Beatris Ar Roue, Herv\u00e9 Cabon, Michel Decolly, Fran\u00e7ois Habasque, Gis\u00e8le Le Rest, Fran\u00e7ois Louis, Eolia Marhic, Aur\u00e9lie Simon.<\/pre>\n\n\n\n<blockquote class=\"wp-block-quote is-layout-flow wp-block-quote-is-layout-flow\"><p><\/p><p><strong>La Presse en parle:<\/strong><\/p><p>(\u2026) Puis, <em>Far Ouest Stories,<\/em> une com\u00e9die musicale digne de Broadway, et c&rsquo;est \u00e0 Ti-an-Holl, que les happy few ont pu la voir. Un crescendo de rires. L&rsquo;id\u00e9e : une succession de one-woman et one-man-shows o\u00f9, \u00e0 tour de r\u00f4le, les com\u00e9diens d&rsquo;un jour racontent leurs amours et leur passion pour le rugby, la cornemuse ou la danse bretonne, la mer ou le jardinage, le chocolat ou la chanson&#8230;Les r\u00e9cits s&rsquo;encha\u00eenent et se d\u00e9cha\u00eenent. Le public adh\u00e8re pleinement dans un crescendo de rires et de commentaires. En redemande et, finalement, ovationne le spectacle propos\u00e9 et mis en sc\u00e8ne par Aude Lachaise et Gilles Nicolas.<\/p><cite>Ouest France<\/cite><\/blockquote>\n\n\n\n<figure class=\"wp-block-image size-large\"><img loading=\"lazy\" decoding=\"async\" width=\"1024\" height=\"518\" src=\"https:\/\/lapetiteassociation.com\/wp-content\/uploads\/2021\/10\/fullsizeoutput_27-1024x518.jpeg\" alt=\"\" class=\"wp-image-304\" srcset=\"https:\/\/lapetiteassociation.com\/wp-content\/uploads\/2021\/10\/fullsizeoutput_27-1024x518.jpeg 1024w, https:\/\/lapetiteassociation.com\/wp-content\/uploads\/2021\/10\/fullsizeoutput_27-300x152.jpeg 300w, https:\/\/lapetiteassociation.com\/wp-content\/uploads\/2021\/10\/fullsizeoutput_27-768x388.jpeg 768w, https:\/\/lapetiteassociation.com\/wp-content\/uploads\/2021\/10\/fullsizeoutput_27.jpeg 1123w\" sizes=\"auto, (max-width: 767px) 89vw, (max-width: 1000px) 54vw, (max-width: 1071px) 543px, 580px\" \/><\/figure>\n\n\n\n<p><\/p>\n","protected":false},"excerpt":{"rendered":"<p>En 2014, Aude Lachaise cr\u00e9e au Festival A domicile &#8211; Guiss\u00e9ny sa premi\u00e8re pi\u00e8ce avec les amteurs. Forte de la multiplicit\u00e9 de ses exp\u00e9riences dans le spectacle: one woman show, Girlsband, Dragking, danseuse, com\u00e9dienne, elle invente un processus de travail qui synth\u00e9tise ces diff\u00e9rentes pratiques avec son gout de la culture populaire. En r\u00e9f\u00e9rence \u00e0 &hellip; <\/p>\n<p class=\"link-more\"><a href=\"https:\/\/lapetiteassociation.com\/?page_id=298\" class=\"more-link\">Continuer la lecture<span class=\"screen-reader-text\"> de &laquo;&nbsp;Far Ouest Stories&nbsp;&raquo;<\/span><\/a><\/p>\n","protected":false},"author":1,"featured_media":301,"parent":0,"menu_order":0,"comment_status":"closed","ping_status":"closed","template":"","meta":{"footnotes":""},"class_list":["post-298","page","type-page","status-publish","has-post-thumbnail","hentry"],"_links":{"self":[{"href":"https:\/\/lapetiteassociation.com\/index.php?rest_route=\/wp\/v2\/pages\/298","targetHints":{"allow":["GET"]}}],"collection":[{"href":"https:\/\/lapetiteassociation.com\/index.php?rest_route=\/wp\/v2\/pages"}],"about":[{"href":"https:\/\/lapetiteassociation.com\/index.php?rest_route=\/wp\/v2\/types\/page"}],"author":[{"embeddable":true,"href":"https:\/\/lapetiteassociation.com\/index.php?rest_route=\/wp\/v2\/users\/1"}],"replies":[{"embeddable":true,"href":"https:\/\/lapetiteassociation.com\/index.php?rest_route=%2Fwp%2Fv2%2Fcomments&post=298"}],"version-history":[{"count":12,"href":"https:\/\/lapetiteassociation.com\/index.php?rest_route=\/wp\/v2\/pages\/298\/revisions"}],"predecessor-version":[{"id":320,"href":"https:\/\/lapetiteassociation.com\/index.php?rest_route=\/wp\/v2\/pages\/298\/revisions\/320"}],"wp:featuredmedia":[{"embeddable":true,"href":"https:\/\/lapetiteassociation.com\/index.php?rest_route=\/wp\/v2\/media\/301"}],"wp:attachment":[{"href":"https:\/\/lapetiteassociation.com\/index.php?rest_route=%2Fwp%2Fv2%2Fmedia&parent=298"}],"curies":[{"name":"wp","href":"https:\/\/api.w.org\/{rel}","templated":true}]}}