{"id":417,"date":"2023-06-19T07:45:39","date_gmt":"2023-06-19T07:45:39","guid":{"rendered":"https:\/\/lapetiteassociation.com\/?page_id=417"},"modified":"2023-06-28T12:48:13","modified_gmt":"2023-06-28T12:48:13","slug":"largent","status":"publish","type":"page","link":"https:\/\/lapetiteassociation.com\/?page_id=417","title":{"rendered":"L&rsquo;argent"},"content":{"rendered":"\n<figure class=\"wp-block-embed is-type-video is-provider-vimeo wp-block-embed-vimeo wp-embed-aspect-16-9 wp-has-aspect-ratio\"><div class=\"wp-block-embed__wrapper\">\n<iframe loading=\"lazy\" title=\"CDP TP2 S1 Argent PAD ARTE WEB\" src=\"https:\/\/player.vimeo.com\/video\/805482388?dnt=1&amp;app_id=122963\" width=\"525\" height=\"295\" frameborder=\"0\" allow=\"autoplay; fullscreen; picture-in-picture; clipboard-write\"><\/iframe>\n<\/div><\/figure>\n\n\n\n<p class=\"has-text-align-left\"><strong>L\u2019Argent <\/strong>est un duo. Une r\u00e9flexion sur cet \u00e9l\u00e9ment central de nos vies. Un \u00e9change d\u2019exp\u00e9rience entre le danseur-homme et la chor\u00e9graphe-femme qui se veut comme un premier pas vers l\u2019\u00e9mancipation. L&rsquo;Argent, contre toute attente, est aussi un hommage aux Danseur\u00b7euse\u00b7s, au Spectacle et \u00e0 ceux qui le font<em>.<\/em><\/p>\n\n\n\n<p>\u00ab\u00a0En travaillant sur le projet <em>Laurent<\/em>, j&rsquo;ai d\u00e9cid\u00e9 de faire apparaitre un mod\u00e8le vivant, un homme nu, pendant quelques minutes. Il est \u00e0 la fois mod\u00e8le vivant et objet d\u00e9sir. La premi\u00e8re proposition financi\u00e8re que j&rsquo;ai faite en cherchant le danseur \u00e9tait en dessous du minimum syndical. J&rsquo;ai fait cette proposition sans r\u00e9fl\u00e9chir, en rapport avec le temps de pr\u00e9sence au plateau, l&rsquo;\u00e9conomie du projet, les conditions de travail que j\u2019ai d\u00e9j\u00e0 accept\u00e9es comme danseuse et mon propre salaire.<br>L\u2019argent<strong> dans le spectacle vivant mais aussi comme objet de d\u00e9sir et symbole de puissance<\/strong>. Le projet <em>L\u2019argent\u00a0<\/em>est de d\u00e9velopper cette conversation et d\u2019en faire l\u2019objet d\u2019un spectacle chor\u00e9graphique.\u00a0\u00bb<\/p>\n\n\n\n<figure class=\"wp-block-embed is-type-video is-provider-vimeo wp-block-embed-vimeo wp-embed-aspect-16-9 wp-has-aspect-ratio\"><div class=\"wp-block-embed__wrapper\">\n<iframe loading=\"lazy\" title=\"Teaser l&#039;Argent 23 .mp4\" src=\"https:\/\/player.vimeo.com\/video\/792767957?dnt=1&amp;app_id=122963\" width=\"525\" height=\"295\" frameborder=\"0\" allow=\"autoplay; fullscreen; picture-in-picture; clipboard-write\"><\/iframe>\n<\/div><\/figure>\n\n\n\n<pre class=\"wp-block-preformatted has-background\" style=\"background:linear-gradient(135deg,rgb(255,206,236) 100%,rgb(152,150,240) 100%)\">Concept, interpr\u00e9tation, \u00e9criture, chor\u00e9graphie : Aude Lachaise, Thibaud Le Maguer\nPr\u00e9sence artistique : Thibaud Le Maguer\nSon, direction technique : Christophe Zurfluh\nLumi\u00e8re : Philippe Gladieux\nR\u00e9gie lumi\u00e8re : Thomas Cany\nCostumes : La Bourette\nCharg\u00e9e de production : Nadia Alsalti\nProduction : La.Pe.A\n\nSoutiens : M\u00e9c\u00e9nat de la Caisse de d\u00e9p\u00f4ts, DRAC Ile-de-France au titre de l\u2019Aide au Projet, R\u00e9gion Ile-de-France au titre de l\u2019Aide \u00e0 la cr\u00e9ation.\nPartenaires : Th\u00e9\u00e2tre Paul \u00c9luard (TPE) de Bezons, sc\u00e8ne conventionn\u00e9e d\u2019int\u00e9r\u00eat national Art &amp; Cr\u00e9ation \u2013 Danse, en r\u00e9sidence, coproduction et diffusion ; micadanses \u2013 ADD Paris en r\u00e9sidence, coproduction et diffusion ; L\u2019Onde Th\u00e9\u00e2tre en r\u00e9sidence, diffusion ; Centre d\u2019art BUDA de Courtrai, en r\u00e9sidence ; La BaZooKa et les studios du Wine and Beer \u00e0 Le Havre, en r\u00e9sidence ; Marseille Objectif Danse, en r\u00e9sidence, La Chaufferie - Compagnie DCA\/Philippe Decoufl\u00e9 \u00e0 Saint-Denis, en r\u00e9sidence.\n\nAude Lachaise - La.Pe.A est artiste associ\u00e9e au th\u00e9\u00e2tre Paul Eluard de Bezons (TPE), sc\u00e8ne conventionn\u00e9e d'int\u00e9r\u00eat national Art &amp; Cr\u00e9ation - Danse.\n<\/pre>\n\n\n\n<figure class=\"wp-block-gallery has-nested-images columns-default is-cropped wp-block-gallery-1 is-layout-flex wp-block-gallery-is-layout-flex\">\n<figure class=\"wp-block-image size-large\"><img loading=\"lazy\" decoding=\"async\" width=\"1024\" height=\"576\" data-id=\"485\" src=\"https:\/\/lapetiteassociation.com\/wp-content\/uploads\/2023\/06\/dore-croix-2-1024x576.jpg\" alt=\"\" class=\"wp-image-485\" srcset=\"https:\/\/lapetiteassociation.com\/wp-content\/uploads\/2023\/06\/dore-croix-2-1024x576.jpg 1024w, https:\/\/lapetiteassociation.com\/wp-content\/uploads\/2023\/06\/dore-croix-2-300x169.jpg 300w, https:\/\/lapetiteassociation.com\/wp-content\/uploads\/2023\/06\/dore-croix-2-768x432.jpg 768w, https:\/\/lapetiteassociation.com\/wp-content\/uploads\/2023\/06\/dore-croix-2-1536x864.jpg 1536w, https:\/\/lapetiteassociation.com\/wp-content\/uploads\/2023\/06\/dore-croix-2-2048x1152.jpg 2048w\" sizes=\"auto, (max-width: 767px) 89vw, (max-width: 1000px) 54vw, (max-width: 1071px) 543px, 580px\" \/><\/figure>\n\n\n\n<figure class=\"wp-block-image size-large\"><img loading=\"lazy\" decoding=\"async\" width=\"1024\" height=\"576\" data-id=\"486\" src=\"https:\/\/lapetiteassociation.com\/wp-content\/uploads\/2023\/06\/dore-1-2-1024x576.jpg\" alt=\"\" class=\"wp-image-486\" srcset=\"https:\/\/lapetiteassociation.com\/wp-content\/uploads\/2023\/06\/dore-1-2-1024x576.jpg 1024w, https:\/\/lapetiteassociation.com\/wp-content\/uploads\/2023\/06\/dore-1-2-300x169.jpg 300w, https:\/\/lapetiteassociation.com\/wp-content\/uploads\/2023\/06\/dore-1-2-768x432.jpg 768w, https:\/\/lapetiteassociation.com\/wp-content\/uploads\/2023\/06\/dore-1-2-1536x864.jpg 1536w, https:\/\/lapetiteassociation.com\/wp-content\/uploads\/2023\/06\/dore-1-2-2048x1152.jpg 2048w\" sizes=\"auto, (max-width: 767px) 89vw, (max-width: 1000px) 54vw, (max-width: 1071px) 543px, 580px\" \/><\/figure>\n\n\n\n<figure class=\"wp-block-image size-large\"><img loading=\"lazy\" decoding=\"async\" width=\"1024\" height=\"576\" data-id=\"488\" src=\"https:\/\/lapetiteassociation.com\/wp-content\/uploads\/2023\/06\/dore-queue-1024x576.jpg\" alt=\"\" class=\"wp-image-488\" srcset=\"https:\/\/lapetiteassociation.com\/wp-content\/uploads\/2023\/06\/dore-queue-1024x576.jpg 1024w, https:\/\/lapetiteassociation.com\/wp-content\/uploads\/2023\/06\/dore-queue-300x169.jpg 300w, https:\/\/lapetiteassociation.com\/wp-content\/uploads\/2023\/06\/dore-queue-768x432.jpg 768w, https:\/\/lapetiteassociation.com\/wp-content\/uploads\/2023\/06\/dore-queue-1536x864.jpg 1536w, https:\/\/lapetiteassociation.com\/wp-content\/uploads\/2023\/06\/dore-queue-2048x1152.jpg 2048w\" sizes=\"auto, (max-width: 767px) 89vw, (max-width: 1000px) 54vw, (max-width: 1071px) 543px, 580px\" \/><\/figure>\n\n\n\n<figure class=\"wp-block-image size-large\"><img loading=\"lazy\" decoding=\"async\" width=\"1024\" height=\"576\" data-id=\"487\" src=\"https:\/\/lapetiteassociation.com\/wp-content\/uploads\/2023\/06\/dore-1-1024x576.jpg\" alt=\"\" class=\"wp-image-487\" srcset=\"https:\/\/lapetiteassociation.com\/wp-content\/uploads\/2023\/06\/dore-1-1024x576.jpg 1024w, https:\/\/lapetiteassociation.com\/wp-content\/uploads\/2023\/06\/dore-1-300x169.jpg 300w, https:\/\/lapetiteassociation.com\/wp-content\/uploads\/2023\/06\/dore-1-768x432.jpg 768w, https:\/\/lapetiteassociation.com\/wp-content\/uploads\/2023\/06\/dore-1-1536x864.jpg 1536w, https:\/\/lapetiteassociation.com\/wp-content\/uploads\/2023\/06\/dore-1-2048x1152.jpg 2048w\" sizes=\"auto, (max-width: 767px) 89vw, (max-width: 1000px) 54vw, (max-width: 1071px) 543px, 580px\" \/><\/figure>\n<\/figure>\n","protected":false},"excerpt":{"rendered":"<p>L\u2019Argent est un duo. Une r\u00e9flexion sur cet \u00e9l\u00e9ment central de nos vies. Un \u00e9change d\u2019exp\u00e9rience entre le danseur-homme et la chor\u00e9graphe-femme qui se veut comme un premier pas vers l\u2019\u00e9mancipation. L&rsquo;Argent, contre toute attente, est aussi un hommage aux Danseur\u00b7euse\u00b7s, au Spectacle et \u00e0 ceux qui le font. \u00ab\u00a0En travaillant sur le projet Laurent, &hellip; <\/p>\n<p class=\"link-more\"><a href=\"https:\/\/lapetiteassociation.com\/?page_id=417\" class=\"more-link\">Continuer la lecture<span class=\"screen-reader-text\"> de &laquo;&nbsp;L&rsquo;argent&nbsp;&raquo;<\/span><\/a><\/p>\n","protected":false},"author":1,"featured_media":483,"parent":0,"menu_order":0,"comment_status":"closed","ping_status":"closed","template":"","meta":{"footnotes":""},"class_list":["post-417","page","type-page","status-publish","has-post-thumbnail","hentry"],"_links":{"self":[{"href":"https:\/\/lapetiteassociation.com\/index.php?rest_route=\/wp\/v2\/pages\/417","targetHints":{"allow":["GET"]}}],"collection":[{"href":"https:\/\/lapetiteassociation.com\/index.php?rest_route=\/wp\/v2\/pages"}],"about":[{"href":"https:\/\/lapetiteassociation.com\/index.php?rest_route=\/wp\/v2\/types\/page"}],"author":[{"embeddable":true,"href":"https:\/\/lapetiteassociation.com\/index.php?rest_route=\/wp\/v2\/users\/1"}],"replies":[{"embeddable":true,"href":"https:\/\/lapetiteassociation.com\/index.php?rest_route=%2Fwp%2Fv2%2Fcomments&post=417"}],"version-history":[{"count":16,"href":"https:\/\/lapetiteassociation.com\/index.php?rest_route=\/wp\/v2\/pages\/417\/revisions"}],"predecessor-version":[{"id":541,"href":"https:\/\/lapetiteassociation.com\/index.php?rest_route=\/wp\/v2\/pages\/417\/revisions\/541"}],"wp:featuredmedia":[{"embeddable":true,"href":"https:\/\/lapetiteassociation.com\/index.php?rest_route=\/wp\/v2\/media\/483"}],"wp:attachment":[{"href":"https:\/\/lapetiteassociation.com\/index.php?rest_route=%2Fwp%2Fv2%2Fmedia&parent=417"}],"curies":[{"name":"wp","href":"https:\/\/api.w.org\/{rel}","templated":true}]}}