{"id":5,"date":"2017-07-01T14:21:47","date_gmt":"2017-07-01T12:21:47","guid":{"rendered":"http:\/\/localhost:8888\/wordpress\/?page_id=2"},"modified":"2023-06-28T12:40:49","modified_gmt":"2023-06-28T12:40:49","slug":"page-d-exemple","status":"publish","type":"page","link":"https:\/\/lapetiteassociation.com\/","title":{"rendered":"Actualit\u00e9s"},"content":{"rendered":"\n<div class=\"wp-block-columns are-vertically-aligned-top is-layout-flex wp-container-core-columns-is-layout-9d6595d7 wp-block-columns-is-layout-flex\">\n<div class=\"wp-block-column is-vertically-aligned-top is-layout-flow wp-block-column-is-layout-flow\">\n<div class=\"wp-block-group\"><div class=\"wp-block-group__inner-container is-layout-flow wp-block-group-is-layout-flow\"><div class=\"wp-block-image is-style-default\">\n<figure class=\"aligncenter size-large\"><img loading=\"lazy\" decoding=\"async\" width=\"1024\" height=\"576\" src=\"https:\/\/lapetiteassociation.com\/wp-content\/uploads\/2023\/06\/cris-de-face-1024x576.jpg\" alt=\"\" class=\"wp-image-427\" srcset=\"https:\/\/lapetiteassociation.com\/wp-content\/uploads\/2023\/06\/cris-de-face-1024x576.jpg 1024w, https:\/\/lapetiteassociation.com\/wp-content\/uploads\/2023\/06\/cris-de-face-300x169.jpg 300w, https:\/\/lapetiteassociation.com\/wp-content\/uploads\/2023\/06\/cris-de-face-768x432.jpg 768w, https:\/\/lapetiteassociation.com\/wp-content\/uploads\/2023\/06\/cris-de-face-1536x864.jpg 1536w, https:\/\/lapetiteassociation.com\/wp-content\/uploads\/2023\/06\/cris-de-face-2048x1152.jpg 2048w\" sizes=\"auto, (max-width: 767px) 89vw, (max-width: 1000px) 54vw, (max-width: 1071px) 543px, 580px\" \/><figcaption class=\"wp-element-caption\">\u00a9 Julien Chastang<\/figcaption><\/figure>\n<\/div><\/div><\/div>\n<\/div>\n<\/div>\n\n\n\n<div class=\"wp-block-columns is-layout-flex wp-container-core-columns-is-layout-9d6595d7 wp-block-columns-is-layout-flex\">\n<div class=\"wp-block-column is-layout-flow wp-block-column-is-layout-flow\">\n<h1 class=\"wp-block-heading\"><a href=\"https:\/\/lapetiteassociation.com\/?page_id=417\" data-type=\"URL\" data-id=\"https:\/\/lapetiteassociation.com\/?page_id=417\">L&rsquo;ARGENT<\/a><\/h1>\n\n\n\n<p>CR\u00c9ATION de&nbsp;<strong><em>L&rsquo; Argent<\/em><\/strong> Le 3 f\u00e9vrier 2023  au Th\u00e9\u00e2tre Paul \u00c9luard (TPE), \u00e0 Bezons <\/p>\n\n\n\n<figure class=\"wp-block-embed is-type-video is-provider-vimeo wp-block-embed-vimeo wp-embed-aspect-16-9 wp-has-aspect-ratio\"><div class=\"wp-block-embed__wrapper\">\n<iframe loading=\"lazy\" title=\"Teaser l&#039;Argent 23 .mp4\" src=\"https:\/\/player.vimeo.com\/video\/792767957?dnt=1&amp;app_id=122963\" width=\"525\" height=\"295\" frameborder=\"0\" allow=\"autoplay; fullscreen; picture-in-picture; clipboard-write\"><\/iframe>\n<\/div><\/figure>\n<\/div>\n\n\n\n<div class=\"wp-block-column is-layout-flow wp-block-column-is-layout-flow\">\n<h1 class=\"wp-block-heading\"><a href=\"https:\/\/lapetiteassociation.com\/?page_id=136\" data-type=\"URL\" data-id=\"https:\/\/lapetiteassociation.com\/?page_id=136\">LAURENT<\/a><\/h1>\n\n\n\n<p class=\"has-text-align-center\"><strong>L&rsquo;amour, un mythe ou une r\u00e9alit\u00e9 ?<\/strong><em> L\u2019ensemble est plut\u00f4t dr\u00f4le, l\u00e9ger, comme une sorte de tragi-comique existentiel, avec une part d\u2019autod\u00e9rision. J\u2019ai choisi le titre\u00a0<\/em>Laurent\u00a0<em>pour d\u00e9signer une figure du masculin, une sorte d\u2019arch\u00e9type g\u00e9n\u00e9rique.<\/em><\/p>\n\n\n<div class=\"wp-block-image\">\n<figure class=\"aligncenter size-full\"><img loading=\"lazy\" decoding=\"async\" width=\"557\" height=\"339\" src=\"https:\/\/lapetiteassociation.com\/wp-content\/uploads\/2023\/06\/Visuel-Laurent-mail-2-1.png\" alt=\"\" class=\"wp-image-512\" srcset=\"https:\/\/lapetiteassociation.com\/wp-content\/uploads\/2023\/06\/Visuel-Laurent-mail-2-1.png 557w, https:\/\/lapetiteassociation.com\/wp-content\/uploads\/2023\/06\/Visuel-Laurent-mail-2-1-300x183.png 300w\" sizes=\"auto, (max-width: 557px) 100vw, 557px\" \/><\/figure>\n<\/div><\/div>\n<\/div>\n","protected":false},"excerpt":{"rendered":"<p>L&rsquo;ARGENT CR\u00c9ATION de&nbsp;L&rsquo; Argent Le 3 f\u00e9vrier 2023 au Th\u00e9\u00e2tre Paul \u00c9luard (TPE), \u00e0 Bezons LAURENT L&rsquo;amour, un mythe ou une r\u00e9alit\u00e9 ? L\u2019ensemble est plut\u00f4t dr\u00f4le, l\u00e9ger, comme une sorte de tragi-comique existentiel, avec une part d\u2019autod\u00e9rision. J\u2019ai choisi le titre\u00a0Laurent\u00a0pour d\u00e9signer une figure du masculin, une sorte d\u2019arch\u00e9type g\u00e9n\u00e9rique.<\/p>\n","protected":false},"author":1,"featured_media":87,"parent":0,"menu_order":0,"comment_status":"closed","ping_status":"open","template":"","meta":{"footnotes":""},"class_list":["post-5","page","type-page","status-publish","has-post-thumbnail","hentry"],"_links":{"self":[{"href":"https:\/\/lapetiteassociation.com\/index.php?rest_route=\/wp\/v2\/pages\/5","targetHints":{"allow":["GET"]}}],"collection":[{"href":"https:\/\/lapetiteassociation.com\/index.php?rest_route=\/wp\/v2\/pages"}],"about":[{"href":"https:\/\/lapetiteassociation.com\/index.php?rest_route=\/wp\/v2\/types\/page"}],"author":[{"embeddable":true,"href":"https:\/\/lapetiteassociation.com\/index.php?rest_route=\/wp\/v2\/users\/1"}],"replies":[{"embeddable":true,"href":"https:\/\/lapetiteassociation.com\/index.php?rest_route=%2Fwp%2Fv2%2Fcomments&post=5"}],"version-history":[{"count":25,"href":"https:\/\/lapetiteassociation.com\/index.php?rest_route=\/wp\/v2\/pages\/5\/revisions"}],"predecessor-version":[{"id":539,"href":"https:\/\/lapetiteassociation.com\/index.php?rest_route=\/wp\/v2\/pages\/5\/revisions\/539"}],"wp:featuredmedia":[{"embeddable":true,"href":"https:\/\/lapetiteassociation.com\/index.php?rest_route=\/wp\/v2\/media\/87"}],"wp:attachment":[{"href":"https:\/\/lapetiteassociation.com\/index.php?rest_route=%2Fwp%2Fv2%2Fmedia&parent=5"}],"curies":[{"name":"wp","href":"https:\/\/api.w.org\/{rel}","templated":true}]}}